t is the remainder when f is divided by r?
10
Let d(l) = 3*l**3 - 8*l**2 + 2*l - 5. Let v be d(6). Suppose 5*z - v = -152. Suppose -5*p + 9 + 66 = 0. Calculate the remainder when z is divided by p.
13
Let d = 14 - 10. Suppose d*w = -0*w + 92. Calculate the remainder when 90 is divided by w.
21
Suppose 3*c = 67 - 16. Let i(m) = -m**2 + 6*m - 3. Let j be i(5). Suppose q + j = 8. Calculate the remainder when c is divided by q.
5
What is the remainder when 1/5 - (-1396)/20 is divided by 18?
16
Suppose -4*w = -2*k, -3*k + 7 = 3*w - 2*w. Suppose 0 = -u + k*u - 7. What is the remainder when 26 is divided by u?
5
What is the remainder when 233 is divided by 3282/54 - 2 - (-4)/18?
56
Let h(z) = 3*z**2 + 4*z - 24. Let n be (-42)/4*(0 - 8). Suppose 0 = -5*k + k + n. What is the remainder when h(4) is divided by k?
19
Let n(h) = h**3 - 3*h**2 - 6. Suppose 4 = l + 2. Suppose -92 = -4*m - 5*g, -2*m = -7*m + l*g + 148. What is the remainder when m is divided by n(4)?
8
Let f(g) = 2*g**2 - 3*g. What is the remainder when 16 is divided by f(3)?
7
Suppose 15 = w - s, -5*w + 4*s + 80 = -0*s. Suppose 25 = -3*d - 2*d. What is the remainder when w is divided by 1 - (-3 + 2) - d?
6
Suppose -5*p + 0*p = -15. Suppose 4*s = x - 30, -20 + 230 = 5*x - 5*s. What is the remainder when x is divided by ((-6)/5)/(p/(-40))?
14
Let m = 15 - 11. Let i(h) be the second derivative of -h**5/20 - 3*h**4/4 - 7*h**3/6 + 11*h**2/2 + h. What is the remainder when m is divided by i(-8)?
1
Let l(w) = -w + 4. Calculate the remainder when l(-17) is divided by 8.
5
Let c(v) = v**2 - 7*v + 2. Let g be (-4)/(-2) - 0 - -1. Suppose -m - 2*m + 33 = -l, 0 = g*m - 4*l - 33. What is the remainder when c(9) is divided by m?
9
Suppose 5 = -2*c + 11. Suppose -c*t - 2*t + 145 = 0. Calculate the remainder when t is divided by 16.
13
Let g(w) = -w - 2. Let n be g(-7). Suppose -k + 1 = n. Let s = 1 - k. Calculate the remainder when 8 is divided by s.
3
Suppose -3*g - 25 = -5*l, 0*l + 6 = -2*l - 2*g. Let o = l + -2. Let w(d) = d**2 - d + 3. What is the remainder when w(o) is divided by 2?
1
Let n(d) = -11*d**2 + 11 + d - 6*d - 5*d - d**3. Calculate the remainder when 32 is divided by n(-10).
10
Suppose 0 = 5*a - 5, -n - 3*a + 5 + 3 = 0. Suppose l = 2*x + 15, 3*l - 11 = 2*x + 14. Calculate the remainder when 68/l + 9/(-15) is divided by n.
3
Let y = -39 + 56. What is the remainder when y is divided by 9?
8
Let z = -198 - -246. Calculate the remainder when z is divided by 17.
14
Let g = -8 - -16. Let x = g + -4. Suppose 3*u - 7 = i, -x*u - 3*i + 0*i = -5. Calculate the remainder when u is divided by 1.
0
Suppose 3*l + 4*r - 98 = -5, -5*l + 4*r = -123. Let d = -19 + l. Calculate the remainder when 27 is divided by d.
3
Suppose 3*t = t - 4*s + 72, -2*s - 48 = -t. Calculate the remainder when 165 is divided by t.
39
Suppose -22*v = -25*v + 66. Calculate the remainder when 37 is divided by v.
15
Let n(c) = 2*c - 6. Let u be n(4). Calculate the remainder when 13 is divided by 3 + (-2*u)/(-2).
3
Suppose 3*m - 7 = 8. Let d(b) = 2*b**2 - 3*b - 5. Calculate the remainder when d(m) is divided by 0 + 17 - (-2)/(-2).
14
Suppose -8*b + 4*b = 4. Let u(c) = -3*c. What is the remainder when 4 is divided by u(b)?
1
Suppose 0 = p + 3*p - 192. Suppose 5*n = 17 + p. Let m(w) = w**2 - 4*w + 2. What is the remainder when n is divided by m(5)?
6
Suppose 0 = 15*y - 143 - 82. What is the remainder when 119 is divided by y?
14
Let m = 9 + 47. Calculate the remainder when m is divided by 15.
11
Suppose 0 = -5*p + p + 20. Suppose -5 = -p*b + 435. Suppose -3*y - 1 + b = 0. Calculate the remainder when y is divided by 16.
13
Let s(n) = 12*n**2 + n - 1. Calculate the remainder when 134 is divided by s(-2).
44
Let x = 4 + -6. What is the remainder when 46 is divided by (0 - x) + -3 + 13?
10
Let g be -2*5/4*-2. Let a(l) = 3*l**2 - 2*l + 5. What is the remainder when a(g) is divided by 18?
16
Let n = -4 + 28. What is the remainder when 35 is divided by 6/4*n/3?
11
Let k = -3 + 5. Suppose 0 = -k*n + p + 72, 0 = -3*n + 5*p + 91 + 3. Let w(x) = 12*x**2 - x + 2. Calculate the remainder when n is divided by w(1).
12
Let b(f) = -11*f + 3. Let d(y) = -56*y + 15. Let v(z) = -11*b(z) + 2*d(z). Suppose -3*s + 1 + 8 = 0. Calculate the remainder when v(s) is divided by 13.
11
Let a(w) = 2*w**2 - 4*w - 2. What is the remainder when a(4) is divided by (20/(-6))/((-2)/3)?
4
Suppose -4*i + 227 = -17. Calculate the remainder when i is divided by 16.
13
Let p = -71 + 130. Calculate the remainder when p is divided by 20.
19
Suppose -53 = -2*m + 2*j - 11, 2*j - 2 = 0. Suppose 2*v = 4*v - 24. Calculate the remainder when m is divided by v.
10
Suppose 2*n = b + 2, 0 = 4*n + 4*b - 2 - 2. Suppose -2*y - 20 = -r - r, 2*r - 38 = 5*y. Calculate the remainder when n is divided by (y/(-18))/(1/3).
0
Suppose 0 = -3*m + 3*k - 3, -5*m + 3*k + 3 = -0. What is the remainder when 6 is divided by m?
0
Let h = 106 - 69. Calculate the remainder when h is divided by 19.
18
Let x be 8/(-6)*(-42)/(-4). Let b = 23 + x. Calculate the remainder when 2 + 24 - (1 - 1) is divided by b.
8
Suppose 11*f = -315 + 1481. Calculate the remainder when f is divided by 9.
7
Let u(m) = -3*m**3 - 2*m**2 - 3*m - 3. Calculate the remainder when u(-3) is divided by 19.
12
Suppose -5*g + 12 - 2 = 0. Suppose -2*j + 12 = g*j. Calculate the remainder when j is divided by 1 + 1 + -1 + 1.
1
Let g = -89 + 149. What is the remainder when g is divided by 21?
18
Suppose d + d = 4. Suppose 0 = 4*m - i - 115, d*i - i - 25 = -m. Calculate the remainder when m is divided by 15.
13
Suppose 50 = 5*i + 10. Suppose -4*s + 0 = -i. Calculate the remainder when 3 is divided by s.
1
What is the remainder when 71 - (2 - 12/2) is divided by 13?
10
Suppose 80 = 4*p - 4*j, 3*p + j = p + 49. Let r(o) = 2*o**2 - 3*o - 1. Calculate the remainder when p is divided by r(3).
7
Let n(b) = b**2 + 2*b + 2. Let o be n(-2). Suppose o = -v + 23. Calculate the remainder when 41 is divided by v.
20
Let s = 25 - 21. What is the remainder when 19 is divided by s?
3
Let l be -1 - (2 - 1 - 2). What is the remainder when (1 - 5)*(l - 12) is divided by 17?
14
Let j be -8 + 1 - 4/(-4). Let s(b) be the first derivative of -b**4/4 - 5*b**3/3 + 2*b**2 + 6*b + 2. What is the remainder when s(j) is divided by 10?
8
Suppose -4*v + 9 = -3. Let k(y) = 6 - 1 + 5*y - v - y**3 - y**2. Calculate the remainder when k(-3) is divided by 2.
1
Let v = 50 + -42. Calculate the remainder when 93 is divided by v.
5
Let z = 14 - 8. Suppose 0 = 5*s + w - 79, 3*s + s + 2*w - 68 = 0. Calculate the remainder when s is divided by z.
3
Let s(q) = -q**2 + 10*q - 10. What is the remainder when 25 is divided by s(5)?
10
Suppose 4*c + 52 = a, -4*c = -2*a - a + 140. Let k(w) = -w**3 - 5*w**2 + 3*w - 3. Calculate the remainder when a is divided by k(-6).
14
Let f(j) = -j**3 + 7*j**2 - 6*j - 1. Calculate the remainder when 56 is divided by f(5).
18
Let h be -1*6*(-4)/6. Suppose h*d - 47 = 3*d. What is the remainder when d is divided by 40*(0 + (-4)/(-10))?
15
Let w(v) = -v**3 - 4*v**2 + v + 3. Let j be w(-5). Let z = -14 + 4. Let o = j + z. Calculate the remainder when o is divided by 5.
3
Let x = 28 + -39. Let v = 17 + x. What is the remainder when 7 is divided by (-18)/(-4)*v/9?
1
Let b = 326 - 321. Suppose -2*s = -4*g - 8, -3*g = -5*s + 38 + 10. What is the remainder when s is divided by b?
2
Suppose -b - 2*b = -4*t - 56, -10 = 2*t. Calculate the remainder when 47 is divided by b.
11
Let o(k) = k - 7. Let s be o(3). Calculate the remainder when 54 is divided by -33*(s/(-6) + -1).
10
Let k = 131 + -92. What is the remainder when k is divided by 10?
9
Let i(m) = -10*m - 5. Suppose 2*a + 2 - 18 = 0. Calculate the remainder when i(-2) is divided by a.
7
Let f be (-14)/(-2) - (0 + -1). Suppose -m - m + f = 0. What is the remainder when 10 is divided by m?
2
Let g = 15 - -2. Calculate the remainder when g + (-1)/((-2)/8) is divided by 11.
10
Let s(u) = 8*u - 31. Calculate the remainder when 97 is divided by s(10).
48
Let b be 2/6 - (-28)/6. Suppose 9 = -b*p - 6. Calculate the remainder when 15 is divided by 12*(-2)/p + 0.
7
Let i = 15 - 0. Suppose -3 = -2*b + 5*d, -b + 11 = 4*d + 3. Calculate the remainder when i is divided by b.
3
Let d(r) = 3*r**2 + 2*r - 2. Let p(l) = -l - 9. Wh